{"id":2371,"date":"2025-10-02T23:34:11","date_gmt":"2025-10-02T23:34:11","guid":{"rendered":"https:\/\/dfoto.pl\/?page_id=2371"},"modified":"2025-10-02T23:34:11","modified_gmt":"2025-10-02T23:34:11","slug":"iv-g-wodorotlenki-uranylowe","status":"publish","type":"page","link":"https:\/\/dfoto.pl\/index.php\/about\/mineraly\/iv-tlenki-i-wodorotlenki\/iv-g-wodorotlenki-uranylowe\/","title":{"rendered":"IV\/G \u2013 Wodorotlenki uranylowe"},"content":{"rendered":"<p><strong>Grupa IV\/G Strunza (2025) \u2013 Wodorotlenki uranylowe (Uranyl Hydroxides)<\/strong> obejmuje wt\u00f3rne minera\u0142y uranu zbudowane wok\u00f3\u0142 kationu uranylowego UO\u2082\u00b2\u207a, w kt\u00f3rych \u2013 obok tlenu \u2013 wyst\u0119puj\u0105 grupy OH\u207b i cz\u0119sto woda krystalizacyjna. W uj\u0119ciu Strunz-Mindat (2025) dzia\u0142 dzieli si\u0119 na:<\/p>\n<ul>\n<li><strong>4.GA<\/strong> (bez dodatkowych kation\u00f3w),<\/li>\n<li><strong>4.GB<\/strong> (z dodatkowymi kationami K, Ca, Ba, Pb itd.; dominuj\u0105 pi\u0119ciok\u0105tne poliedry UO\u2082(O,OH)\u2085)<\/li>\n<li><strong>4.GC<\/strong> (z dodatkowymi kationami; dominuj\u0105 sze\u015bciok\u0105tne poliedry UO\u2082(O,OH)\u2086). To jednoznacznie wyszczeg\u00f3lniony segment w klasie \u201eTlenk\u00f3w (w tym wodorotlenk\u00f3w)\u201d.<\/li>\n<\/ul>\n<p><strong>Przyk\u0142ady.<\/strong> <strong>4.GA:<\/strong> paraschoepit UO\u2083\u00b72H\u2082O, metaschoepit (UO\u2082)\u2088O\u2082(OH)\u2081\u2082\u00b710H\u2082O, schoepit (UO\u2082)\u2088O\u2082(OH)\u2081\u2082\u00b712H\u2082O, iantynit U\u2074\u207a(UO\u2082)\u2085O\u2087\u00b710H\u2082O, (meta)studtyt UO\u2084\u00b72H\u2082O \/ [(UO\u2082)(O\u2082)(H\u2082O)\u2082]\u00b7H\u2082O, paulscherrerit UO\u2082(OH)\u2082. <strong>4.GB:<\/strong> compreignacyt K\u2082(UO\u2082)\u2086O\u2084(OH)\u2086\u00b77H\u2082O, becquerelit Ca(UO\u2082)\u2086O\u2084(OH)\u2086\u00b78H\u2082O, billietyt Ba(UO\u2082)\u2086O\u2084(OH)\u2086\u00b74\u20138H\u2082O, rameaouit K\u2082Ca(UO\u2082)\u2086O\u2086(OH)\u2084\u00b76H\u2082O, agrinieryt K\u2082(Ca,Sr)[(UO\u2082)\u2083O\u2083(OH)\u2082]\u2082\u00b75H\u2082O, fourmarieryt Pb(UO\u2082)\u2084O\u2083(OH)\u2084\u00b74H\u2082O, gauthieryt KPb[(UO\u2082)\u2087O\u2085(OH)\u2087]\u00b78H\u2082O. <strong>4.GC:<\/strong> clarkeite (Na,Ca,Pb)(UO\u2082)O(OH)\u00b70\u20131H\u2082O, umohoit (UO\u2082)MoO\u2084\u00b72H\u2082O, spriggite Pb\u2083(UO\u2082)\u2086O\u2088(OH)\u2082\u00b73H\u2082O, bobfinchit Na[(UO\u2082)\u2088O\u2083(OH)\u2081\u2081]\u00b710H\u2082O. (Zestaw i podzia\u0142 wg Strunz-Mindat 2025).<\/p>\n","protected":false},"excerpt":{"rendered":"<p>Grupa IV\/G Strunza (2025) \u2013 Wodorotlenki uranylowe (Uranyl Hydroxides) obejmuje wt\u00f3rne minera\u0142y uranu zbudowane wok\u00f3\u0142 kationu uranylowego UO\u2082\u00b2\u207a, w kt\u00f3rych&hellip; <\/p>\n","protected":false},"author":1,"featured_media":0,"parent":2248,"menu_order":0,"comment_status":"closed","ping_status":"closed","template":"","meta":{"give_campaign_id":0,"_monsterinsights_skip_tracking":false,"_monsterinsights_sitenote_active":false,"_monsterinsights_sitenote_note":"","_monsterinsights_sitenote_category":0,"_uf_show_specific_survey":0,"_uf_disable_surveys":false,"footnotes":""},"class_list":["post-2371","page","type-page","status-publish","hentry"],"aioseo_notices":[],"campaignId":"","_links":{"self":[{"href":"https:\/\/dfoto.pl\/index.php\/wp-json\/wp\/v2\/pages\/2371","targetHints":{"allow":["GET"]}}],"collection":[{"href":"https:\/\/dfoto.pl\/index.php\/wp-json\/wp\/v2\/pages"}],"about":[{"href":"https:\/\/dfoto.pl\/index.php\/wp-json\/wp\/v2\/types\/page"}],"author":[{"embeddable":true,"href":"https:\/\/dfoto.pl\/index.php\/wp-json\/wp\/v2\/users\/1"}],"replies":[{"embeddable":true,"href":"https:\/\/dfoto.pl\/index.php\/wp-json\/wp\/v2\/comments?post=2371"}],"version-history":[{"count":1,"href":"https:\/\/dfoto.pl\/index.php\/wp-json\/wp\/v2\/pages\/2371\/revisions"}],"predecessor-version":[{"id":2372,"href":"https:\/\/dfoto.pl\/index.php\/wp-json\/wp\/v2\/pages\/2371\/revisions\/2372"}],"up":[{"embeddable":true,"href":"https:\/\/dfoto.pl\/index.php\/wp-json\/wp\/v2\/pages\/2248"}],"wp:attachment":[{"href":"https:\/\/dfoto.pl\/index.php\/wp-json\/wp\/v2\/media?parent=2371"}],"curies":[{"name":"wp","href":"https:\/\/api.w.org\/{rel}","templated":true}]}}