{"id":2343,"date":"2025-10-02T18:45:34","date_gmt":"2025-10-02T18:45:34","guid":{"rendered":"https:\/\/dfoto.pl\/?page_id=2343"},"modified":"2025-10-02T22:49:20","modified_gmt":"2025-10-02T22:49:20","slug":"i-d-nometaliczne-wegliki-i-azotki","status":"publish","type":"page","link":"https:\/\/dfoto.pl\/index.php\/about\/mineraly\/i-pierwiastki-rodzime\/i-d-nometaliczne-wegliki-i-azotki\/","title":{"rendered":"I\/D \u2013 Nometaliczne w\u0119gliki i azotki"},"content":{"rendered":"<p><strong>Grupa I\/D Strunza (2025) \u2013 Nometaliczne w\u0119gliki i azotki (Nonmetallic Carbides and Nitrides)<\/strong> obejmuje minera\u0142y o silnie kowalencyjnych wi\u0105zaniach, charakteryzuj\u0105ce si\u0119 bardzo wysok\u0105 twardo\u015bci\u0105, odporno\u015bci\u0105 chemiczn\u0105 i wysok\u0105 temperatur\u0105 topnienia. Powstaj\u0105 zwykle w warunkach silnie redukcyjnych \u2013 w g\u0142\u0119bokich partiach p\u0142aszcza Ziemi lub w \u015brodowiskach kosmogenicznych (meteoryty), a w skorupie bywa\u0142y znajdowane m.in. w ultrazasadowych kompleksach i ska\u0142ach chromitowych. W uj\u0119ciu Strunz-Mindat dzia\u0142 1.D dzieli si\u0119 na <strong>1.DA \u2013 w\u0119gliki nometaliczne<\/strong> oraz <strong>1.DB \u2013 azotki nometaliczne<\/strong>.<\/p>\n<p>Przedstawiciele: w <strong>1.DA<\/strong> klasyczny <strong>moissanit<\/strong> SiC; w <strong>1.DB<\/strong> meteorytowe <strong>nieryt<\/strong> Si\u2083N\u2084 oraz <strong>sinoit<\/strong> Si\u2082N\u2082O (azotynk-tlenek krzemu). Zestaw i podzia\u0142 podgrup znajdziesz w aktualnej tabeli Strunz-Mindat (2025).<\/p>\n","protected":false},"excerpt":{"rendered":"<p>Grupa I\/D Strunza (2025) \u2013 Nometaliczne w\u0119gliki i azotki (Nonmetallic Carbides and Nitrides) obejmuje minera\u0142y o silnie kowalencyjnych wi\u0105zaniach, charakteryzuj\u0105ce&hellip; <\/p>\n","protected":false},"author":1,"featured_media":0,"parent":2238,"menu_order":0,"comment_status":"closed","ping_status":"closed","template":"","meta":{"give_campaign_id":0,"_monsterinsights_skip_tracking":false,"_monsterinsights_sitenote_active":false,"_monsterinsights_sitenote_note":"","_monsterinsights_sitenote_category":0,"_uf_show_specific_survey":0,"_uf_disable_surveys":false,"footnotes":""},"class_list":["post-2343","page","type-page","status-publish","hentry"],"aioseo_notices":[],"campaignId":"","_links":{"self":[{"href":"https:\/\/dfoto.pl\/index.php\/wp-json\/wp\/v2\/pages\/2343","targetHints":{"allow":["GET"]}}],"collection":[{"href":"https:\/\/dfoto.pl\/index.php\/wp-json\/wp\/v2\/pages"}],"about":[{"href":"https:\/\/dfoto.pl\/index.php\/wp-json\/wp\/v2\/types\/page"}],"author":[{"embeddable":true,"href":"https:\/\/dfoto.pl\/index.php\/wp-json\/wp\/v2\/users\/1"}],"replies":[{"embeddable":true,"href":"https:\/\/dfoto.pl\/index.php\/wp-json\/wp\/v2\/comments?post=2343"}],"version-history":[{"count":1,"href":"https:\/\/dfoto.pl\/index.php\/wp-json\/wp\/v2\/pages\/2343\/revisions"}],"predecessor-version":[{"id":2344,"href":"https:\/\/dfoto.pl\/index.php\/wp-json\/wp\/v2\/pages\/2343\/revisions\/2344"}],"up":[{"embeddable":true,"href":"https:\/\/dfoto.pl\/index.php\/wp-json\/wp\/v2\/pages\/2238"}],"wp:attachment":[{"href":"https:\/\/dfoto.pl\/index.php\/wp-json\/wp\/v2\/media?parent=2343"}],"curies":[{"name":"wp","href":"https:\/\/api.w.org\/{rel}","templated":true}]}}